
True
Is 22092708 a multiple of 341?
True
Is 2977563 a multiple of 49?
False
Is 180537 a multiple of 589?
False
Is 3305 a multiple of 5?
True
Is 433 a factor of 5611748?
False
Does 268 divide 429227?
False
Is 49 a factor of 3587682?
True
Is 6780753 a multiple of 21?
True
Is 4390120 a multiple of 28?
True
Is 3156073 a multiple of 13?
False
Is 9 a factor of 210276?
True
Does 32 divide 83812?
False
Is 1212480 a multiple of 360?
True
Is 23 a factor of 1299422?
False
Does 3 divide 6080?
False
Is 6 a factor of 35220?
True
Is 83 a factor of 11143?
False
Does 75 divide 840091?
False
Does 32 divide 4053993?
False
Is 535248 a multiple of 336?
True
Does 215 divide 11024985?
True
Is 59096 a multiple of 89?
True
Is 62097 a multiple of 148?
False
Does 257 divide 1207415?
False
Is 2776044 a multiple of 24?
False
Is 63 a factor of 1467270?
True
Is 6068 a multiple of 7?
False
Is 8970795 a multiple of 311?
True
Is 2568672 a multiple of 81?
True
Is 17 a factor of 163591?
True
Is 21996364 a multiple of 412?
False
Does 363 divide 4081922?
False
Is 330966 even?
True
Is 270375 a multiple of 309?
True
Is 20 a factor of 3115720?
True
Does 12 divide 81120?
True
Does 68 divide 194276?
True
Is 496124 a multiple of 31?
True
Is 889 a factor of 35119056?
True
Is 214 a factor of 101650?
True
Is 21 a factor of 5275583?
False
Does 71 divide 2553373?
True
Does 472 divide 1312958?
False
Does 138 divide 84732?
True
Is 25384 a multiple of 38?
True
Is 1816416 a multiple of 34?
True
Does 1743 divide 1966104?
True
Is 131 a factor of 2532932?
False
Is 125 a factor of 579750?
True
Is 2124710 a multiple of 14?
True
Is 132 a factor of 47520?
True
Does 28 divide 1099952?
True
Is 16 a factor of 2633071?
False
Is 48 a factor of 7709792?
False
Does 4 divide 50456?
True
Is 50 a factor of 7835?
False
Is 674 a factor of 676022?
True
Does 49 divide 28175?
True
Does 18 divide 866268?
True
Does 155 divide 193125?
False
Does 294 divide 5849718?
True
Is 2976454 a multiple of 107?
False
Does 71 divide 15705768?
True
Is 248472 a multiple of 232?
True
Is 23 a factor of 698073?
True
Is 1851024 a multiple of 95?
False
Does 61 divide 92289?
False
Is 131 a factor of 330382?
True
Is 62 a factor of 1750136?
True
Is 22246 a multiple of 49?
True
Is 13588160 a multiple of 20?
True
Does 17 divide 8340370?
True
Does 170 divide 28390?
True
Does 10 divide 6434?
False
Does 28 divide 1025406?
False
Does 6 divide 185982?
True
Is 488 a factor of 185440?
True
Is 3021924 a multiple of 92?
True
Is 1213269 a multiple of 11?
False
Does 28 divide 297052?
True
Does 181 divide 1249081?
True
Does 39 divide 7283333?
False
Does 1345 divide 458645?
True
Does 7 divide 1983053?
False
Is 17098980 a multiple of 29?
True
Is 483803 a multiple of 27?
False
Does 10 divide 127533?
False
Is 4436102 a multiple of 242?
True
Is 143440 a multiple of 440?
True
Is 945472 a multiple of 16?
True
Does 80 divide 360813?
False
Does 354 divide 9976?
False
Does 53 divide 205905?
True
Is 21 a factor of 634238?
False
Does 16 divide 76320?
True
Is 972900 a multiple of 12?
True
Does 13 divide 3185657?
False
Is 1842270 a multiple of 44?
False
Is 86 a factor of 1518244?
True
Does 88 divide 111749?
False
Does 17 divide 17145945?
True
Does 11 divide 857005?
False
Does 145 divide 378305?
True
Is 474465 a multiple of 21?
False
Does 15 divide 219660?
True
Is 25 a factor of 68662?
False
Does 135 divide 74315?
False
Does 154 divide 10961489?
False
Is 111 a factor of 5964455?
False
Is 12 a factor of 99508?
False
Is 171 a factor of 851580?
True
Does 22 divide 116776?
True
Does 2 divide 232793?
False
Is 14 a factor of 1964292?
False
Is 99 a factor of 935669?
False
Does 18 divide 59364?
True
Is 172000 a multiple of 160?
True
Is 94418 a multiple of 189?
False
Does 108 divide 1420200?
True
Is 375163 a multiple of 43?
False
Is 162 a factor of 4795141?
False
Is 1941640 a multiple of 79?
False
Is 4502500 a multiple of 250?
True
Does 3 divide 22644?
True
Is 187215 a multiple of 13?
False
Is 609 a factor of 222894?
True
Does 14 divide 86178?
False
Is 24 a factor of 90592?
False
Is 5477845 a multiple of 160?
False
Does 92 divide 201889?
False
Is 689 a factor of 751699?
True
Does 762 divide 351088?
False
Is 211 a factor of 595442?
True
Is 206 a factor of 15844050?
False
Is 2741695 a multiple of 42?
False
Is 63 a factor of 35606?
False
Does 12 divide 367188?
True
Is 7 a factor of 5573029?
True
Is 1027263 a multiple of 5?
False
Is 146 a factor of 1476738?
False
Is 24793110 a multiple of 82?
True
Is 20 a factor of 14151?
False
Is 5788980 a multiple of 9?
True
Is 7090900 a multiple of 23?
True
Is 38338 a multiple of 5?
False
Is 1717242 a multiple of 4?
False
Is 571860 a multiple of 27?
True
Is 6 a factor of 6821168?
False
Is 10550583 a multiple of 1566?
False
Is 3068284 a multiple of 9?
False
Is 382417 a multiple of 11?
False
Does 111 divide 154290?
True
Does 91 divide 207091?
False
Is 338 a factor of 1178606?
True
Does 544 divide 13050560?
True
Is 131306 a multiple of 226?
True
Is 981176 a multiple of 14?
True
Does 190 divide 43833?
False
Is 8 a factor of 480384?
True
Is 34 a factor of 2005568?
False
Does 10 divide 38942?
False
Is 208808 a multiple of 180?
False
Is 870512 a multiple of 16?
True
Does 43 divide 694665?
True
Is 1134960 a multiple of 40?
True
Is 9092121 a multiple of 612?
False
Is 3286465 a multiple of 403?
True
Is 2005913 a multiple of 637?
True
Is 128628 a multiple of 9?
True
Does 56 divide 137124?
False
Is 9 a factor of 61281?
True
Is 265050 a multiple of 25?
True
Is 8008 a multiple of 91?
True
Is 75870 even?
True
Is 183 a factor of 1547265?
True
Is 8 a factor of 392452?
False
Is 320675 a multiple of 101?
True
Does 232 divide 659243?
False
Is 9 a factor of 99269?
False
Is 14975072 a multiple of 37?
False
Is 12 a factor of 483120?
True
Does 33 divide 1205490?
True
Does 498 divide 621504?
True
Is 7190470 a multiple of 28?
False
Is 76 a factor of 2185259?
False
Is 38 a factor of 230622?
True
Does 5 divide 2737751?
False
Is 555 a factor of 8764560?
True
Does 159 divide 40863?
True
Is 7 a factor of 160101?
False
Is 92379 a multiple of 5?
False
Is 66 a factor of 1694814?
True
Does 58 divide 1610915?
False
Is 5750337 a multiple of 28?
False
Is 6 a factor of 883927?
False
Is 602 a factor of 169371?
False
Is 119899 a multiple of 4?
False
Is 117530 a multiple of 6?
False
Does 12 divide 1452540?
True
Is 54 a factor of 141696?
True
Is 2440287 a multiple of 47?
True
Is 916506 a multiple of 118?
True
Is 184596 a multiple of 168?
False
Is 60 a factor of 544676?
False
Is 75 a factor of 441375?
True
Is 180668 a multiple of 124?
True
Does 133 divide 264567?
False
Is 175984 a multiple of 8?
True
Is 13722319 a multiple of 155?
False
Is 6917922 a multiple of 33?
True
Does 60 divide 5543992?
False
Does 61 divide 320494?
True
Is 5 a factor of 35845?
True
Is 799123 a multiple of 281?
False
Is 261080 a multiple of 122?
True
Is 626384 a multiple of 176?
True
Is 69 a factor of 151489?
False
Is 7 a factor of 1162342?
False
Is 834 a factor of 759774?
True
Is 14385693 a multiple of 41?
False
Does 125 divide 5768375?
True
Does 17 divide 88043?
True
Is 770277 a multiple of 9?
False
Is 82068 a multiple of 28?
True
Is 9967122 a multiple of 709?
True
Is 1795364 a multiple of 118?
False
Does 13 divide 309231?
True
Is 97 a factor of 208803?
False
Does 88 divide 56056?
True
Is 992054 a multiple of 191?
True
Is 17 a factor of 2377?
False
Is 20700 a multiple of 18?
True
Is 63 a factor of 6779745?
True
Is 13 a factor of 524707?
False
Is 4 a factor of 570324?
True
Is 33 a factor of 8715?
False
Is 4523382 a multiple of 79?
True
Is 10 a factor of 1375667?
False
Is 64121 a multiple of 37?
True
Is 125080 a multiple of 4?
True
Does 168 divide 5047359?
False
Does 18 divide 3201484?
False
Is 2256201 a multiple of 685?
False
Is 211417 even?
False
Is 96 a factor of 578799?
False
Does 2 divide 9772?
True
Does 87 divide 264567?
True
Does 369 divide 1562711?
False
Is 5073057 a multiple of 512?
False
Is 3593971 a multiple of 8?
False
Does 28 divide 384511?
False
Is 26 a factor of 69683?
False
Does 614 divide 7791051?
False
Is 5782094 a multiple of 149?
True
Is 11 a factor of 2003674?
False
Is 152 a factor of 365296?
False
Does 225 divide 150834?
False
Does 492 divide 61008?
True
Is 434 a factor of 62808?
False
Is 8